the prime factors of 25914.
2, 3, 7, 617
What are the prime factors of 14368?
2, 449
List the prime factors of 59664.
2, 3, 11, 113
What are the prime factors of 285?
3, 5, 19
What are the prime factors of 26499?
3, 11, 73
List the prime factors of 107.
107
What are the prime factors of 1048?
2, 131
List the prime factors of 79592.
2, 9949
What are the prime factors of 2653?
7, 379
List the prime factors of 191.
191
List the prime factors of 3070.
2, 5, 307
List the prime factors of 6621.
3, 2207
List the prime factors of 7575.
3, 5, 101
What are the prime factors of 1204?
2, 7, 43
What are the prime factors of 2421?
3, 269
List the prime factors of 4183.
47, 89
List the prime factors of 365.
5, 73
List the prime factors of 4223.
41, 103
List the prime factors of 1789.
1789
What are the prime factors of 1081?
23, 47
What are the prime factors of 730?
2, 5, 73
What are the prime factors of 2957?
2957
What are the prime factors of 2668?
2, 23, 29
List the prime factors of 907.
907
List the prime factors of 2799.
3, 311
What are the prime factors of 123548?
2, 67, 461
List the prime factors of 177700.
2, 5, 1777
List the prime factors of 16515.
3, 5, 367
List the prime factors of 70571.
70571
What are the prime factors of 3442?
2, 1721
What are the prime factors of 1888?
2, 59
List the prime factors of 38287.
38287
List the prime factors of 477.
3, 53
What are the prime factors of 65978?
2, 11, 2999
List the prime factors of 12832.
2, 401
List the prime factors of 54069.
3, 67, 269
What are the prime factors of 440?
2, 5, 11
What are the prime factors of 142611?
3, 7, 6791
List the prime factors of 20799.
3, 2311
List the prime factors of 3077.
17, 181
What are the prime factors of 3730?
2, 5, 373
What are the prime factors of 34127?
34127
What are the prime factors of 173?
173
List the prime factors of 599.
599
What are the prime factors of 32705?
5, 31, 211
List the prime factors of 7004.
2, 17, 103
What are the prime factors of 14190?
2, 3, 5, 11, 43
List the prime factors of 89057.
89057
What are the prime factors of 113714?
2, 56857
List the prime factors of 8561.
7, 1223
List the prime factors of 10875.
3, 5, 29
List the prime factors of 71303.
113, 631
List the prime factors of 48579.
3, 16193
List the prime factors of 4765.
5, 953
What are the prime factors of 4921?
7, 19, 37
List the prime factors of 1803.
3, 601
What are the prime factors of 3144?
2, 3, 131
List the prime factors of 12211.
12211
What are the prime factors of 15634?
2, 7817
List the prime factors of 98564.
2, 41, 601
List the prime factors of 3840.
2, 3, 5
What are the prime factors of 10958?
2, 5479
What are the prime factors of 1584?
2, 3, 11
List the prime factors of 2525.
5, 101
What are the prime factors of 2384?
2, 149
List the prime factors of 1318.
2, 659
List the prime factors of 92.
2, 23
What are the prime factors of 1448?
2, 181
What are the prime factors of 1700?
2, 5, 17
What are the prime factors of 344?
2, 43
What are the prime factors of 151846?
2, 23, 3301
List the prime factors of 708.
2, 3, 59
What are the prime factors of 10450?
2, 5, 11, 19
What are the prime factors of 20863?
31, 673
What are the prime factors of 97035?
3, 5, 6469
What are the prime factors of 1696?
2, 53
What are the prime factors of 60945?
3, 5, 17, 239
List the prime factors of 12375.
3, 5, 11
List the prime factors of 2340.
2, 3, 5, 13
What are the prime factors of 56?
2, 7
List the prime factors of 5389.
17, 317
List the prime factors of 19030.
2, 5, 11, 173
What are the prime factors of 1190?
2, 5, 7, 17
List the prime factors of 659.
659
List the prime factors of 13248.
2, 3, 23
List the prime factors of 101910.
2, 3, 5, 43, 79
List the prime factors of 3167.
3167
List the prime factors of 705.
3, 5, 47
List the prime factors of 61380.
2, 3, 5, 11, 31
List the prime factors of 344.
2, 43
What are the prime factors of 7961?
19, 419
What are the prime factors of 1042?
2, 521
List the prime factors of 15926.
2, 7963
List the prime factors of 12122.
2, 11, 19, 29
List the prime factors of 7102.
2, 53, 67
What are the prime factors of 5789?
7, 827
List the prime factors of 3022.
2, 1511
List the prime factors of 24971.
24971
List the prime factors of 1251.
3, 139
List the prime factors of 523.
523
List the prime factors of 31539.
3, 10513
What are the prime factors of 5306?
2, 7, 379
List the prime factors of 656.
2, 41
List the prime factors of 12956.
2, 41, 79
List the prime factors of 3415.
5, 683
What are the prime factors of 128084?
2, 11, 41, 71
List the prime factors of 11193.
3, 7, 13, 41
What are the prime factors of 5158?
2, 2579
What are the prime factors of 21437?
13, 17, 97
List the prime factors of 61660.
2, 5, 3083
List the prime factors of 1009.
1009
What are the prime factors of 4507?
4507
List the prime factors of 1734.
2, 3, 17
List the prime factors of 10640.
2, 5, 7, 19
What are the prime factors of 9445?
5, 1889
List the prime factors of 10567.
10567
What are the prime factors of 151?
151
List the prime factors of 346.
2, 173
List the prime factors of 155.
5, 31
List the prime factors of 16566.
2, 3, 11, 251
What are the prime factors of 6954?
2, 3, 19, 61
What are the prime factors of 569?
569
What are the prime factors of 5160?
2, 3, 5, 43
List the prime factors of 10265.
5, 2053
List the prime factors of 8583.
3, 2861
List the prime factors of 56245.
5, 7, 1607
List the prime factors of 3712.
2, 29
List the prime factors of 63.
3, 7
What are the prime factors of 3851?
3851
What are the prime factors of 48227?
29, 1663
List the prime factors of 18869.
18869
List the prime factors of 11987.
11987
List the prime factors of 1661.
11, 151
What are the prime factors of 214?
2, 107
What are the prime factors of 3412?
2, 853
What are the prime factors of 12583?
12583
What are the prime factors of 9954?
2, 3, 7, 79
List the prime factors of 1619.
1619
What are the prime factors of 1714?
2, 857
List the prime factors of 1159.
19, 61
List the prime factors of 81757.
13, 19, 331
List the prime factors of 74557.
7, 10651
List the prime factors of 805.
5, 7, 23
What are the prime factors of 11034?
2, 3, 613
List the prime factors of 33924.
2, 3, 11, 257
List the prime factors of 30.
2, 3, 5
What are the prime factors of 106?
2, 53
What are the prime factors of 545?
5, 109
What are the prime factors of 4033?
37, 109
What are the prime factors of 283?
283
What are the prime factors of 418?
2, 11, 19
List the prime factors of 100850.
2, 5, 2017
What are the prime factors of 27746?
2, 13873
List the prime factors of 1019.
1019
List the prime factors of 2464.
2, 7, 11
What are the prime factors of 6193?
11, 563
List the prime factors of 1956.
2, 3, 163
What are the prime factors of 15558?
2, 3, 2593
List the prime factors of 4380.
2, 3, 5, 73
What are the prime factors of 562?
2, 281
What are the prime factors of 992?
2, 31
What are the prime factors of 785?
5, 157
List the prime factors of 647.
647
List the prime factors of 125718.
2, 3, 23, 911
List the prime factors of 733.
733
List the prime factors of 92008.
2, 7, 31, 53
List the prime factors of 164940.
2, 3, 5, 2749
What are the prime factors of 18499?
13, 1423
What are the prime factors of 12994?
2, 73, 89
What are the prime factors of 9820?
2, 5, 491
What are the prime factors of 2662?
2, 11
List the prime factors of 4500.
2, 3, 5
List the prime factors of 3453.
3, 1151
What are the prime factors of 10367?
7, 1481
List the prime factors of 58227.
3, 13, 1493
What are the prime factors of 25986?
2, 3, 61, 71
What are the prime factors of 27574?
2, 17, 811
What are the prime factors of 19117?
7, 2731
List the prime factors of 54115.
5, 79, 137
List the prime factors of 9936.
2, 3, 23
What are the prime factors of 2421?
3, 269
What are the prime factors of 14506?
2, 7253
What are the prime factors of 2335?
5, 467
What are the prime factors of 20203?
89, 227
What are the prime factors of 8558?
2, 11, 389
What are the prime factors of 35271?
3, 3919
List the prime factors of 3276.
2, 3, 7, 13
List the prime factors of 6427.
6427
List the prime factors of 1336.
2, 167
List the prime factors of 1076.
2, 269
List the prime factors of 1003.
17, 59
What are the prime factors of 530?
2, 5, 53
List the prime factors of 20